[INFO] cloning repository https://github.com/mmacedoeu/waldo-mmacedoeu
[INFO] running `Command { std: "git" "-c" "credential.helper=" "-c" "credential.helper=/workspace/cargo-home/bin/git-credential-null" "clone" "--bare" "https://github.com/mmacedoeu/waldo-mmacedoeu" "/workspace/cache/git-repos/https%3A%2F%2Fgithub.com%2Fmmacedoeu%2Fwaldo-mmacedoeu", kill_on_drop: false }`
[INFO] [stderr] Cloning into bare repository '/workspace/cache/git-repos/https%3A%2F%2Fgithub.com%2Fmmacedoeu%2Fwaldo-mmacedoeu'...
[INFO] running `Command { std: "git" "rev-parse" "HEAD", kill_on_drop: false }`
[INFO] [stdout] f9b24300f9b295a8e6dd29673061897701f6080c
[INFO] checking mmacedoeu/waldo-mmacedoeu against try#72f88fc4e9458f89516a0b8b0868f3718aec5b47 for pr-74989
[INFO] running `Command { std: "git" "clone" "/workspace/cache/git-repos/https%3A%2F%2Fgithub.com%2Fmmacedoeu%2Fwaldo-mmacedoeu" "/workspace/builds/worker-5/source", kill_on_drop: false }`
[INFO] [stderr] Cloning into '/workspace/builds/worker-5/source'...
[INFO] [stderr] done.
[INFO] validating manifest of git repo https://github.com/mmacedoeu/waldo-mmacedoeu on toolchain 72f88fc4e9458f89516a0b8b0868f3718aec5b47
[INFO] running `Command { std: "/workspace/cargo-home/bin/cargo" "+72f88fc4e9458f89516a0b8b0868f3718aec5b47" "read-manifest" "--manifest-path" "Cargo.toml", kill_on_drop: false }`
[INFO] started tweaking git repo https://github.com/mmacedoeu/waldo-mmacedoeu
[INFO] finished tweaking git repo https://github.com/mmacedoeu/waldo-mmacedoeu
[INFO] tweaked toml for git repo https://github.com/mmacedoeu/waldo-mmacedoeu written to /workspace/builds/worker-5/source/Cargo.toml
[INFO] crate git repo https://github.com/mmacedoeu/waldo-mmacedoeu already has a lockfile, it will not be regenerated
[INFO] running `Command { std: "/workspace/cargo-home/bin/cargo" "+72f88fc4e9458f89516a0b8b0868f3718aec5b47" "fetch" "--locked" "--manifest-path" "Cargo.toml", kill_on_drop: false }`
[INFO] [stderr]     Blocking waiting for file lock on package cache
[INFO] [stderr]     Updating git repository `https://github.com/mmacedoeu/cv-rs.git`
[INFO] [stderr]     Updating git submodule `https://github.com/opencv/opencv.git`
[INFO] [stderr]     Updating git submodule `https://github.com/opencv/opencv_contrib.git`
[INFO] [stderr]     Updating git repository `https://github.com/frankmcsherry/differential-dataflow`
[INFO] [stderr]     Blocking waiting for file lock on package cache
[INFO] [stderr]  Downloading crates ...
[INFO] [stderr]   Downloaded abomonation v0.5.0
[INFO] [stderr]   Downloaded flamer v0.2.3
[INFO] [stderr]   Downloaded timely_communication v0.6.0
[INFO] [stderr]   Downloaded timely v0.6.0
[INFO] running `Command { std: "docker" "create" "-v" "/var/lib/crater-agent-workspace/builds/worker-5/target:/opt/rustwide/target:rw,Z" "-v" "/var/lib/crater-agent-workspace/builds/worker-5/source:/opt/rustwide/workdir:ro,Z" "-v" "/var/lib/crater-agent-workspace/cargo-home:/opt/rustwide/cargo-home:ro,Z" "-v" "/var/lib/crater-agent-workspace/rustup-home:/opt/rustwide/rustup-home:ro,Z" "-e" "SOURCE_DIR=/opt/rustwide/workdir" "-e" "CARGO_TARGET_DIR=/opt/rustwide/target" "-e" "CARGO_HOME=/opt/rustwide/cargo-home" "-e" "RUSTUP_HOME=/opt/rustwide/rustup-home" "-w" "/opt/rustwide/workdir" "-m" "1610612736" "--user" "0:0" "--network" "none" "rustops/crates-build-env@sha256:d92eaeed33fa75130ca1ee6c8a01d1ffb62bac859dfdfb3450e3e5d1c0146529" "/opt/rustwide/cargo-home/bin/cargo" "+72f88fc4e9458f89516a0b8b0868f3718aec5b47" "metadata" "--no-deps" "--format-version=1", kill_on_drop: false }`
[INFO] [stdout] 50a4985a1959286b624860e33edded22c86da1c9c70a67f22e23662cbec40777
[INFO] [stderr] WARNING: Your kernel does not support swap limit capabilities or the cgroup is not mounted. Memory limited without swap.
[INFO] running `Command { std: "docker" "start" "-a" "50a4985a1959286b624860e33edded22c86da1c9c70a67f22e23662cbec40777", kill_on_drop: false }`
[INFO] running `Command { std: "docker" "inspect" "50a4985a1959286b624860e33edded22c86da1c9c70a67f22e23662cbec40777", kill_on_drop: false }`
[INFO] running `Command { std: "docker" "rm" "-f" "50a4985a1959286b624860e33edded22c86da1c9c70a67f22e23662cbec40777", kill_on_drop: false }`
[INFO] [stdout] 50a4985a1959286b624860e33edded22c86da1c9c70a67f22e23662cbec40777
[INFO] running `Command { std: "docker" "create" "-v" "/var/lib/crater-agent-workspace/builds/worker-5/target:/opt/rustwide/target:rw,Z" "-v" "/var/lib/crater-agent-workspace/builds/worker-5/source:/opt/rustwide/workdir:ro,Z" "-v" "/var/lib/crater-agent-workspace/cargo-home:/opt/rustwide/cargo-home:ro,Z" "-v" "/var/lib/crater-agent-workspace/rustup-home:/opt/rustwide/rustup-home:ro,Z" "-e" "SOURCE_DIR=/opt/rustwide/workdir" "-e" "CARGO_TARGET_DIR=/opt/rustwide/target" "-e" "CARGO_INCREMENTAL=0" "-e" "RUST_BACKTRACE=full" "-e" "RUSTFLAGS=--cap-lints=forbid" "-e" "CARGO_HOME=/opt/rustwide/cargo-home" "-e" "RUSTUP_HOME=/opt/rustwide/rustup-home" "-w" "/opt/rustwide/workdir" "-m" "1610612736" "--user" "0:0" "--network" "none" "rustops/crates-build-env@sha256:d92eaeed33fa75130ca1ee6c8a01d1ffb62bac859dfdfb3450e3e5d1c0146529" "/opt/rustwide/cargo-home/bin/cargo" "+72f88fc4e9458f89516a0b8b0868f3718aec5b47" "check" "--frozen" "--all" "--all-targets" "--message-format=json", kill_on_drop: false }`
[INFO] [stdout] 930e423e21f92836abf8b34275ddde579f8456dc6a924a7cf4ff086d95aca4d1
[INFO] [stderr] WARNING: Your kernel does not support swap limit capabilities or the cgroup is not mounted. Memory limited without swap.
[INFO] running `Command { std: "docker" "start" "-a" "930e423e21f92836abf8b34275ddde579f8456dc6a924a7cf4ff086d95aca4d1", kill_on_drop: false }`
[INFO] [stderr]     Checking libc v0.2.42
[INFO] [stderr]     Checking cfg-if v0.1.4
[INFO] [stderr]    Compiling nodrop v0.1.12
[INFO] [stderr]    Compiling lazy_static v1.0.1
[INFO] [stderr]    Compiling memoffset v0.2.1
[INFO] [stderr]    Compiling scopeguard v0.3.3
[INFO] [stderr]    Compiling rayon-core v1.4.0
[INFO] [stderr]    Compiling either v1.5.0
[INFO] [stderr]     Checking byteorder v1.2.3
[INFO] [stderr]     Checking futures v0.1.22
[INFO] [stderr]    Compiling unicode-xid v0.0.4
[INFO] [stderr]    Compiling quote v0.3.15
[INFO] [stderr]     Checking rustc-demangle v0.1.8
[INFO] [stderr]     Checking smallvec v0.6.2
[INFO] [stderr]     Checking stable_deref_trait v1.1.0
[INFO] [stderr]    Compiling unicode-xid v0.1.0
[INFO] [stderr]    Compiling backtrace v0.2.3
[INFO] [stderr]     Checking unicode-normalization v0.1.7
[INFO] [stderr]    Compiling version_check v0.1.4
[INFO] [stderr]     Checking crossbeam-utils v0.4.1
[INFO] [stderr]     Checking linked-hash-map v0.4.2
[INFO] [stderr]     Checking ucd-util v0.1.1
[INFO] [stderr]     Checking rand_core v0.2.1
[INFO] [stderr]    Compiling serde v1.0.70
[INFO] [stderr]     Checking abomonation v0.5.0
[INFO] [stderr]    Compiling regex v1.0.1
[INFO] [stderr]     Checking bitflags v1.0.3
[INFO] [stderr]     Checking utf8-ranges v1.0.0
[INFO] [stderr]     Checking vec_map v0.8.1
[INFO] [stderr]     Checking itoa v0.4.2
[INFO] [stderr]     Checking termcolor v0.3.6
[INFO] [stderr]     Checking timely_sort v0.1.6
[INFO] [stderr]    Compiling arrayvec v0.4.7
[INFO] [stderr]     Checking log v0.4.3
[INFO] [stderr]     Checking crossbeam-utils v0.3.2
[INFO] [stderr]    Compiling crossbeam-utils v0.2.2
[INFO] [stderr]     Checking getopts v0.2.18
[INFO] [stderr]     Checking textwrap v0.10.0
[INFO] [stderr]    Compiling synom v0.11.3
[INFO] [stderr]     Checking humantime v1.1.1
[INFO] [stderr]     Checking owning_ref v0.3.3
[INFO] [stderr]    Compiling proc-macro2 v0.4.6
[INFO] [stderr]    Compiling syntex_fmt_macros v0.5.0
[INFO] [stderr]     Checking regex-syntax v0.6.1
[INFO] [stderr]     Checking lru-cache v0.1.1
[INFO] [stderr]     Checking crossbeam-epoch v0.5.0
[INFO] [stderr]     Checking iovec v0.1.2
[INFO] [stderr]     Checking rand v0.4.2
[INFO] [stderr]     Checking net2 v0.2.33
[INFO] [stderr]     Checking num_cpus v1.8.0
[INFO] [stderr]     Checking hostname v0.1.5
[INFO] [stderr]     Checking memchr v2.0.1
[INFO] [stderr]     Checking socket2 v0.3.7
[INFO] [stderr]     Checking time v0.1.40
[INFO] [stderr]     Checking rand v0.5.4
[INFO] [stderr]     Checking atty v0.2.10
[INFO] [stderr]     Checking crossbeam-epoch v0.4.3
[INFO] [stderr]     Checking thread_local v0.3.5
[INFO] [stderr]    Compiling crossbeam-epoch v0.3.1
[INFO] [stderr]    Compiling syn v0.11.11
[INFO] [stderr]    Compiling actix_derive v0.2.0
[INFO] [stderr]     Checking bytes v0.4.8
[INFO] [stderr]     Checking lock_api v0.1.3
[INFO] [stderr]     Checking resolv-conf v0.6.1
[INFO] [stderr]     Checking aho-corasick v0.6.5
[INFO] [stderr]     Checking clap v2.32.0
[INFO] [stderr]     Checking mio v0.6.15
[INFO] [stderr]    Compiling quote v0.6.3
[INFO] [stderr]     Checking crossbeam-deque v0.3.1
[INFO] [stderr]    Compiling crossbeam-deque v0.2.0
[INFO] [stderr]     Checking parking_lot_core v0.2.14
[INFO] [stderr]     Checking uuid v0.6.5
[INFO] [stderr]    Compiling syn v0.14.4
[INFO] [stderr]     Checking tokio-executor v0.1.2
[INFO] [stderr]     Checking tokio-io v0.1.7
[INFO] [stderr]     Checking idna v0.1.5
[INFO] [stderr]     Checking tokio-timer v0.2.4
[INFO] [stderr]     Checking tokio-threadpool v0.1.5
[INFO] [stderr]    Compiling rand v0.3.22
[INFO] [stderr]     Checking parking_lot v0.5.5
[INFO] [stderr]     Checking parking_lot v0.6.2
[INFO] [stderr]     Checking tokio-codec v0.1.0
[INFO] [stderr]     Checking crossbeam-channel v0.2.2
[INFO] [stderr]    Compiling rayon v1.0.1
[INFO] [stderr]     Checking tokio-reactor v0.1.2
[INFO] [stderr]     Checking mio-uds v0.6.6
[INFO] [stderr]     Checking url v1.7.1
[INFO] [stderr]     Checking tokio-fs v0.1.2
[INFO] [stderr]     Checking tokio-udp v0.1.1
[INFO] [stderr]     Checking tokio-tcp v0.1.0
[INFO] [stderr]     Checking tokio-signal v0.2.1
[INFO] [stderr]     Checking tokio v0.1.7
[INFO] [stderr]    Compiling synstructure v0.6.1
[INFO] [stderr]    Compiling cc v1.0.18
[INFO] [stderr]    Compiling abomonation_derive v0.3.0
[INFO] [stderr]    Compiling failure_derive v0.1.1
[INFO] [stderr]     Checking env_logger v0.5.10
[INFO] [stderr]     Checking timely_communication v0.6.0
[INFO] [stderr]    Compiling backtrace-sys v0.1.23
[INFO] [stderr]    Compiling cv v0.2.2 (https://github.com/mmacedoeu/cv-rs.git#ad639d25)
[INFO] [stderr]     Checking timely v0.6.0
[INFO] [stderr] The following warnings were emitted during compilation:
[INFO] [stderr] 
[INFO] [stderr] warning: native/utils.cc:1:10: fatal error: opencv2/core.hpp: No such file or directory
[INFO] [stderr] warning:     1 | #include <opencv2/core.hpp>
[INFO] [stderr] warning:       |          ^~~~~~~~~~~~~~~~~~
[INFO] [stderr] warning: compilation terminated.
[INFO] [stderr] warning: In file included from native/highgui.cc:1:
[INFO] [stderr] warning: native/highgui.h:4:10: fatal error: opencv2/core.hpp: No such file or directory
[INFO] [stderr] warning:     4 | #include <opencv2/core.hpp>
[INFO] [stderr] warning:       |          ^~~~~~~~~~~~~~~~~~
[INFO] [stderr] warning: compilation terminated.
[INFO] [stderr] warning: native/hash.cc:1:10: fatal error: opencv2/core.hpp: No such file or directory
[INFO] [stderr] warning:     1 | #include <opencv2/core.hpp>
[INFO] [stderr] warning:       |          ^~~~~~~~~~~~~~~~~~
[INFO] [stderr] warning: compilation terminated.
[INFO] [stderr] warning: In file included from native/features2d.h:4,
[INFO] [stderr] warning:                  from native/features2d.cc:1:
[INFO] [stderr] warning: native/common.h:6:10: fatal error: opencv2/core.hpp: No such file or directory
[INFO] [stderr] warning:     6 | #include <opencv2/core.hpp>
[INFO] [stderr] warning:       |          ^~~~~~~~~~~~~~~~~~
[INFO] [stderr] warning: In file included from native/common-rust.h:4,
[INFO] [stderr] warning:                  from native/common-rust.cc:1:
[INFO] [stderr] warning: native/common.h:6:10: fatal error: opencv2/core.hpp: No such file or directory
[INFO] [stderr] warning:     6 | #include <opencv2/core.hpp>
[INFO] [stderr] warning:       |          ^~~~~~~~~~~~~~~~~~
[INFO] [stderr] warning: In file included from native/objdetect.h:4,
[INFO] [stderr] warning:                  from native/objdetect.cc:1:
[INFO] [stderr] warning: native/common.h:6:10: fatal error: opencv2/core.hpp: No such file or directory
[INFO] [stderr] warning:     6 | #include <opencv2/core.hpp>
[INFO] [stderr] warning:       |          ^~~~~~~~~~~~~~~~~~
[INFO] [stderr] warning: compilation terminated.
[INFO] [stderr] warning: compilation terminated.
[INFO] [stderr] warning: compilation terminated.
[INFO] [stderr] warning: In file included from native/text.h:4,
[INFO] [stderr] warning:                  from native/text.cc:1:
[INFO] [stderr] warning: native/common.h:6:10: fatal error: opencv2/core.hpp: No such file or directory
[INFO] [stderr] warning:     6 | #include <opencv2/core.hpp>
[INFO] [stderr] warning:       |          ^~~~~~~~~~~~~~~~~~
[INFO] [stderr] warning: compilation terminated.
[INFO] [stderr] warning: In file included from native/imcodecs.h:4,
[INFO] [stderr] warning:                  from native/imcodecs.cc:1:
[INFO] [stderr] warning: native/common.h:6:10: fatal error: opencv2/core.hpp: No such file or directory
[INFO] [stderr] warning:     6 | #include <opencv2/core.hpp>
[INFO] [stderr] warning:       |          ^~~~~~~~~~~~~~~~~~
[INFO] [stderr] warning: compilation terminated.
[INFO] [stderr] warning: In file included from native/imgproc.h:4,
[INFO] [stderr] warning:                  from native/imgproc.cc:1:
[INFO] [stderr] warning: native/common.h:6:10: fatal error: opencv2/core.hpp: No such file or directory
[INFO] [stderr] warning:     6 | #include <opencv2/core.hpp>
[INFO] [stderr] warning:       |          ^~~~~~~~~~~~~~~~~~
[INFO] [stderr] warning: compilation terminated.
[INFO] [stderr] warning: In file included from native/video.h:4,
[INFO] [stderr] warning:                  from native/video.cc:1:
[INFO] [stderr] warning: native/common.h:6:10: fatal error: opencv2/core.hpp: No such file or directory
[INFO] [stderr] warning:     6 | #include <opencv2/core.hpp>
[INFO] [stderr] warning:       |          ^~~~~~~~~~~~~~~~~~
[INFO] [stderr] warning: compilation terminated.
[INFO] [stderr] warning: In file included from native/mat.h:4,
[INFO] [stderr] warning:                  from native/mat.cc:1:
[INFO] [stderr] warning: native/common.h:6:10: fatal error: opencv2/core.hpp: No such file or directory
[INFO] [stderr] warning:     6 | #include <opencv2/core.hpp>
[INFO] [stderr] warning:       |          ^~~~~~~~~~~~~~~~~~
[INFO] [stderr] warning: compilation terminated.
[INFO] [stderr] warning: In file included from native/videoio.h:4,
[INFO] [stderr] warning:                  from native/videoio.cc:1:
[INFO] [stderr] warning: native/common.h:6:10: fatal error: opencv2/core.hpp: No such file or directory
[INFO] [stderr] warning:     6 | #include <opencv2/core.hpp>
[INFO] [stderr] warning:       |          ^~~~~~~~~~~~~~~~~~
[INFO] [stderr] warning: compilation terminated.
[INFO] [stderr] 
[INFO] [stderr] error: failed to run custom build command for `cv v0.2.2 (https://github.com/mmacedoeu/cv-rs.git#ad639d25)`
[INFO] [stderr] 
[INFO] [stderr] Caused by:
[INFO] [stderr]   process didn't exit successfully: `/opt/rustwide/target/debug/build/cv-2cbae7776168a561/build-script-build` (exit code: 101)
[INFO] [stderr]   --- stdout
[INFO] [stderr]   TARGET = Some("x86_64-unknown-linux-gnu")
[INFO] [stderr]   TARGET = Some("x86_64-unknown-linux-gnu")
[INFO] [stderr]   OPT_LEVEL = Some("0")
[INFO] [stderr]   OPT_LEVEL = Some("0")
[INFO] [stderr]   TARGET = Some("x86_64-unknown-linux-gnu")
[INFO] [stderr]   TARGET = Some("x86_64-unknown-linux-gnu")
[INFO] [stderr]   OPT_LEVEL = Some("0")
[INFO] [stderr]   TARGET = Some("x86_64-unknown-linux-gnu")
[INFO] [stderr]   HOST = Some("x86_64-unknown-linux-gnu")
[INFO] [stderr]   HOST = Some("x86_64-unknown-linux-gnu")
[INFO] [stderr]   TARGET = Some("x86_64-unknown-linux-gnu")
[INFO] [stderr]   TARGET = Some("x86_64-unknown-linux-gnu")
[INFO] [stderr]   TARGET = Some("x86_64-unknown-linux-gnu")
[INFO] [stderr]   HOST = Some("x86_64-unknown-linux-gnu")
[INFO] [stderr]   TARGET = Some("x86_64-unknown-linux-gnu")
[INFO] [stderr]   HOST = Some("x86_64-unknown-linux-gnu")
[INFO] [stderr]   CXX_x86_64-unknown-linux-gnu = None
[INFO] [stderr]   CXX_x86_64_unknown_linux_gnu = None
[INFO] [stderr]   CXX_x86_64-unknown-linux-gnu = None
[INFO] [stderr]   TARGET = Some("x86_64-unknown-linux-gnu")
[INFO] [stderr]   CXX_x86_64_unknown_linux_gnu = None
[INFO] [stderr]   HOST_CXX = None
[INFO] [stderr]   CXX = None
[INFO] [stderr]   HOST_CXX = None
[INFO] [stderr]   CXX = None
[INFO] [stderr]   HOST = Some("x86_64-unknown-linux-gnu")
[INFO] [stderr]   HOST = Some("x86_64-unknown-linux-gnu")
[INFO] [stderr]   TARGET = Some("x86_64-unknown-linux-gnu")
[INFO] [stderr]   HOST = Some("x86_64-unknown-linux-gnu")
[INFO] [stderr]   TARGET = Some("x86_64-unknown-linux-gnu")
[INFO] [stderr]   HOST = Some("x86_64-unknown-linux-gnu")
[INFO] [stderr]   TARGET = Some("x86_64-unknown-linux-gnu")
[INFO] [stderr]   HOST = Some("x86_64-unknown-linux-gnu")
[INFO] [stderr]   TARGET = Some("x86_64-unknown-linux-gnu")
[INFO] [stderr]   HOST = Some("x86_64-unknown-linux-gnu")
[INFO] [stderr]   CXXFLAGS_x86_64-unknown-linux-gnu = None
[INFO] [stderr]   CXX_x86_64-unknown-linux-gnu = None
[INFO] [stderr]   CXX_x86_64_unknown_linux_gnu = None
[INFO] [stderr]   HOST_CXX = None
[INFO] [stderr]   CXX = None
[INFO] [stderr]   HOST = Some("x86_64-unknown-linux-gnu")
[INFO] [stderr]   TARGET = Some("x86_64-unknown-linux-gnu")
[INFO] [stderr]   HOST = Some("x86_64-unknown-linux-gnu")
[INFO] [stderr]   CXXFLAGS_x86_64-unknown-linux-gnu = None
[INFO] [stderr]   CXXFLAGS_x86_64_unknown_linux_gnu = None
[INFO] [stderr]   HOST_CXXFLAGS = None
[INFO] [stderr]   CXXFLAGS = None
[INFO] [stderr]   DEBUG = Some("true")
[INFO] [stderr]   CXXFLAGS_x86_64_unknown_linux_gnu = None
[INFO] [stderr]   HOST_CXXFLAGS = None
[INFO] [stderr]   CXXFLAGS = None
[INFO] [stderr]   DEBUG = Some("true")
[INFO] [stderr]   running: "c++" "-O0" "-ffunction-sections" "-fdata-sections" "-fPIC" "-g" "-m64" "-I" "native" "-I" "/usr/local/include" "-Wall" "-Wextra" "--std=c++11" "-o" "/opt/rustwide/target/debug/build/cv-275bb89f143c83cb/out/native/video.o" "-c" "native/video.cc"
[INFO] [stderr]   TARGET = Some("x86_64-unknown-linux-gnu")
[INFO] [stderr]   OPT_LEVEL = Some("0")
[INFO] [stderr]   TARGET = Some("x86_64-unknown-linux-gnu")
[INFO] [stderr]   HOST = Some("x86_64-unknown-linux-gnu")
[INFO] [stderr]   TARGET = Some("x86_64-unknown-linux-gnu")
[INFO] [stderr]   TARGET = Some("x86_64-unknown-linux-gnu")
[INFO] [stderr]   HOST = Some("x86_64-unknown-linux-gnu")
[INFO] [stderr]   running: "c++" "-O0" "-ffunction-sections" "-fdata-sections" "-fPIC" "-g" "-m64" "-I" "native" "-I" "/usr/local/include" "-Wall" "-Wextra" "--std=c++11" "-o" "/opt/rustwide/target/debug/build/cv-275bb89f143c83cb/out/native/features2d.o" "-c" "native/features2d.cc"
[INFO] [stderr]   CXXFLAGS_x86_64-unknown-linux-gnu = None
[INFO] [stderr]   TARGET = Some("x86_64-unknown-linux-gnu")
[INFO] [stderr]   CXX_x86_64-unknown-linux-gnu = None
[INFO] [stderr]   CXX_x86_64_unknown_linux_gnu = None
[INFO] [stderr]   HOST_CXX = None
[INFO] [stderr]   CXX = None
[INFO] [stderr]   HOST = Some("x86_64-unknown-linux-gnu")
[INFO] [stderr]   TARGET = Some("x86_64-unknown-linux-gnu")
[INFO] [stderr]   HOST = Some("x86_64-unknown-linux-gnu")
[INFO] [stderr]   CXXFLAGS_x86_64-unknown-linux-gnu = None
[INFO] [stderr]   CXXFLAGS_x86_64_unknown_linux_gnu = None
[INFO] [stderr]   HOST_CXXFLAGS = None
[INFO] [stderr]   TARGET = Some("x86_64-unknown-linux-gnu")
[INFO] [stderr]   OPT_LEVEL = Some("0")
[INFO] [stderr]   TARGET = Some("x86_64-unknown-linux-gnu")
[INFO] [stderr]   HOST = Some("x86_64-unknown-linux-gnu")
[INFO] [stderr]   TARGET = Some("x86_64-unknown-linux-gnu")
[INFO] [stderr]   TARGET = Some("x86_64-unknown-linux-gnu")
[INFO] [stderr]   HOST = Some("x86_64-unknown-linux-gnu")
[INFO] [stderr]   CXX_x86_64-unknown-linux-gnu = None
[INFO] [stderr]   CXX_x86_64_unknown_linux_gnu = None
[INFO] [stderr]   HOST_CXX = None
[INFO] [stderr]   CXX = None
[INFO] [stderr]   HOST = Some("x86_64-unknown-linux-gnu")
[INFO] [stderr]   TARGET = Some("x86_64-unknown-linux-gnu")
[INFO] [stderr]   HOST = Some("x86_64-unknown-linux-gnu")
[INFO] [stderr]   CXXFLAGS_x86_64-unknown-linux-gnu = None
[INFO] [stderr]   CXXFLAGS_x86_64_unknown_linux_gnu = None
[INFO] [stderr]   HOST_CXXFLAGS = None
[INFO] [stderr]   CXXFLAGS = None
[INFO] [stderr]   DEBUG = Some("true")
[INFO] [stderr]   running: "c++" "-O0" "-ffunction-sections" "-fdata-sections" "-fPIC" "-g" "-m64" "-I" "native" "-I" "/usr/local/include" "-Wall" "-Wextra" "--std=c++11" "-o" "/opt/rustwide/target/debug/build/cv-275bb89f143c83cb/out/native/common-rust.o" "-c" "native/common-rust.cc"
[INFO] [stderr]   CXXFLAGS_x86_64_unknown_linux_gnu = None
[INFO] [stderr]   TARGET = Some("x86_64-unknown-linux-gnu")
[INFO] [stderr]   OPT_LEVEL = Some("0")
[INFO] [stderr]   TARGET = Some("x86_64-unknown-linux-gnu")
[INFO] [stderr]   HOST = Some("x86_64-unknown-linux-gnu")
[INFO] [stderr]   TARGET = Some("x86_64-unknown-linux-gnu")
[INFO] [stderr]   TARGET = Some("x86_64-unknown-linux-gnu")
[INFO] [stderr]   HOST = Some("x86_64-unknown-linux-gnu")
[INFO] [stderr]   CXX_x86_64-unknown-linux-gnu = None
[INFO] [stderr]   CXX_x86_64_unknown_linux_gnu = None
[INFO] [stderr]   HOST_CXX = None
[INFO] [stderr]   CXX = None
[INFO] [stderr]   HOST = Some("x86_64-unknown-linux-gnu")
[INFO] [stderr]   TARGET = Some("x86_64-unknown-linux-gnu")
[INFO] [stderr]   HOST = Some("x86_64-unknown-linux-gnu")
[INFO] [stderr]   CXXFLAGS_x86_64-unknown-linux-gnu = None
[INFO] [stderr]   CXXFLAGS_x86_64_unknown_linux_gnu = None
[INFO] [stderr]   HOST_CXXFLAGS = None
[INFO] [stderr]   CXXFLAGS = None
[INFO] [stderr]   DEBUG = Some("true")
[INFO] [stderr]   running: "c++" "-O0" "-ffunction-sections" "-fdata-sections" "-fPIC" "-g" "-m64" "-I" "native" "-I" "/usr/local/include" "-Wall" "-Wextra" "--std=c++11" "-o" "/opt/rustwide/target/debug/build/cv-275bb89f143c83cb/out/native/imgproc.o" "-c" "native/imgproc.cc"
[INFO] [stderr]   TARGET = Some("x86_64-unknown-linux-gnu")
[INFO] [stderr]   OPT_LEVEL = Some("0")
[INFO] [stderr]   TARGET = Some("x86_64-unknown-linux-gnu")
[INFO] [stderr]   HOST = Some("x86_64-unknown-linux-gnu")
[INFO] [stderr]   TARGET = Some("x86_64-unknown-linux-gnu")
[INFO] [stderr]   TARGET = Some("x86_64-unknown-linux-gnu")
[INFO] [stderr]   HOST = Some("x86_64-unknown-linux-gnu")
[INFO] [stderr]   CXX_x86_64-unknown-linux-gnu = None
[INFO] [stderr]   CXX_x86_64_unknown_linux_gnu = None
[INFO] [stderr]   HOST_CXX = None
[INFO] [stderr]   CXX = None
[INFO] [stderr]   HOST = Some("x86_64-unknown-linux-gnu")
[INFO] [stderr]   TARGET = Some("x86_64-unknown-linux-gnu")
[INFO] [stderr]   HOST = Some("x86_64-unknown-linux-gnu")
[INFO] [stderr]   CXXFLAGS_x86_64-unknown-linux-gnu = None
[INFO] [stderr]   CXXFLAGS_x86_64_unknown_linux_gnu = None
[INFO] [stderr]   HOST_CXXFLAGS = None
[INFO] [stderr]   CXXFLAGS = None
[INFO] [stderr]   DEBUG = Some("true")
[INFO] [stderr]   running: "c++" "-O0" "-ffunction-sections" "-fdata-sections" "-fPIC" "-g" "-m64" "-I" "native" "-I" "/usr/local/include" "-Wall" "-Wextra" "--std=c++11" "-o" "/opt/rustwide/target/debug/build/cv-275bb89f143c83cb/out/native/mat.o" "-c" "native/mat.cc"
[INFO] [stderr]   CXXFLAGS = None
[INFO] [stderr]   DEBUG = Some("true")
[INFO] [stderr]   running: "c++" "-O0" "-ffunction-sections" "-fdata-sections" "-fPIC" "-g" "-m64" "-I" "native" "-I" "/usr/local/include" "-Wall" "-Wextra" "--std=c++11" "-o" "/opt/rustwide/target/debug/build/cv-275bb89f143c83cb/out/native/objdetect.o" "-c" "native/objdetect.cc"
[INFO] [stderr]   TARGET = Some("x86_64-unknown-linux-gnu")
[INFO] [stderr]   TARGET = Some("x86_64-unknown-linux-gnu")
[INFO] [stderr]   OPT_LEVEL = Some("0")
[INFO] [stderr]   TARGET = Some("x86_64-unknown-linux-gnu")
[INFO] [stderr]   HOST = Some("x86_64-unknown-linux-gnu")
[INFO] [stderr]   TARGET = Some("x86_64-unknown-linux-gnu")
[INFO] [stderr]   TARGET = Some("x86_64-unknown-linux-gnu")
[INFO] [stderr]   HOST = Some("x86_64-unknown-linux-gnu")
[INFO] [stderr]   CXX_x86_64-unknown-linux-gnu = None
[INFO] [stderr]   CXX_x86_64_unknown_linux_gnu = None
[INFO] [stderr]   HOST_CXX = None
[INFO] [stderr]   CXX = None
[INFO] [stderr]   HOST = Some("x86_64-unknown-linux-gnu")
[INFO] [stderr]   TARGET = Some("x86_64-unknown-linux-gnu")
[INFO] [stderr]   HOST = Some("x86_64-unknown-linux-gnu")
[INFO] [stderr]   CXXFLAGS_x86_64-unknown-linux-gnu = None
[INFO] [stderr]   CXXFLAGS_x86_64_unknown_linux_gnu = None
[INFO] [stderr]   HOST_CXXFLAGS = None
[INFO] [stderr]   CXXFLAGS = None
[INFO] [stderr]   DEBUG = Some("true")
[INFO] [stderr]   running: "c++" "-O0" "-ffunction-sections" "-fdata-sections" "-fPIC" "-g" "-m64" "-I" "native" "-I" "/usr/local/include" "-Wall" "-Wextra" "--std=c++11" "-o" "/opt/rustwide/target/debug/build/cv-275bb89f143c83cb/out/native/text.o" "-c" "native/text.cc"
[INFO] [stderr]   OPT_LEVEL = Some("0")
[INFO] [stderr]   TARGET = Some("x86_64-unknown-linux-gnu")
[INFO] [stderr]   OPT_LEVEL = Some("0")
[INFO] [stderr]   TARGET = Some("x86_64-unknown-linux-gnu")
[INFO] [stderr]   HOST = Some("x86_64-unknown-linux-gnu")
[INFO] [stderr]   TARGET = Some("x86_64-unknown-linux-gnu")
[INFO] [stderr]   TARGET = Some("x86_64-unknown-linux-gnu")
[INFO] [stderr]   HOST = Some("x86_64-unknown-linux-gnu")
[INFO] [stderr]   CXX_x86_64-unknown-linux-gnu = None
[INFO] [stderr]   CXX_x86_64_unknown_linux_gnu = None
[INFO] [stderr]   HOST_CXX = None
[INFO] [stderr]   CXX = None
[INFO] [stderr]   HOST = Some("x86_64-unknown-linux-gnu")
[INFO] [stderr]   TARGET = Some("x86_64-unknown-linux-gnu")
[INFO] [stderr]   HOST = Some("x86_64-unknown-linux-gnu")
[INFO] [stderr]   CXXFLAGS_x86_64-unknown-linux-gnu = None
[INFO] [stderr]   CXXFLAGS_x86_64_unknown_linux_gnu = None
[INFO] [stderr]   HOST_CXXFLAGS = None
[INFO] [stderr]   CXXFLAGS = None
[INFO] [stderr]   DEBUG = Some("true")
[INFO] [stderr]   running: "c++" "-O0" "-ffunction-sections" "-fdata-sections" "-fPIC" "-g" "-m64" "-I" "native" "-I" "/usr/local/include" "-Wall" "-Wextra" "--std=c++11" "-o" "/opt/rustwide/target/debug/build/cv-275bb89f143c83cb/out/native/utils.o" "-c" "native/utils.cc"
[INFO] [stderr]   OPT_LEVEL = Some("0")
[INFO] [stderr]   TARGET = Some("x86_64-unknown-linux-gnu")
[INFO] [stderr]   HOST = Some("x86_64-unknown-linux-gnu")
[INFO] [stderr]   TARGET = Some("x86_64-unknown-linux-gnu")
[INFO] [stderr]   TARGET = Some("x86_64-unknown-linux-gnu")
[INFO] [stderr]   HOST = Some("x86_64-unknown-linux-gnu")
[INFO] [stderr]   CXX_x86_64-unknown-linux-gnu = None
[INFO] [stderr]   CXX_x86_64_unknown_linux_gnu = None
[INFO] [stderr]   HOST_CXX = None
[INFO] [stderr]   CXX = None
[INFO] [stderr]   HOST = Some("x86_64-unknown-linux-gnu")
[INFO] [stderr]   TARGET = Some("x86_64-unknown-linux-gnu")
[INFO] [stderr]   HOST = Some("x86_64-unknown-linux-gnu")
[INFO] [stderr]   CXXFLAGS_x86_64-unknown-linux-gnu = None
[INFO] [stderr]   CXXFLAGS_x86_64_unknown_linux_gnu = None
[INFO] [stderr]   HOST_CXXFLAGS = None
[INFO] [stderr]   CXXFLAGS = None
[INFO] [stderr]   DEBUG = Some("true")
[INFO] [stderr]   running: "c++" "-O0" "-ffunction-sections" "-fdata-sections" "-fPIC" "-g" "-m64" "-I" "native" "-I" "/usr/local/include" "-Wall" "-Wextra" "--std=c++11" "-o" "/opt/rustwide/target/debug/build/cv-275bb89f143c83cb/out/native/imcodecs.o" "-c" "native/imcodecs.cc"
[INFO] [stderr]   TARGET = Some("x86_64-unknown-linux-gnu")
[INFO] [stderr]   HOST = Some("x86_64-unknown-linux-gnu")
[INFO] [stderr]   TARGET = Some("x86_64-unknown-linux-gnu")
[INFO] [stderr]   TARGET = Some("x86_64-unknown-linux-gnu")
[INFO] [stderr]   HOST = Some("x86_64-unknown-linux-gnu")
[INFO] [stderr]   CXX_x86_64-unknown-linux-gnu = None
[INFO] [stderr]   CXX_x86_64_unknown_linux_gnu = None
[INFO] [stderr]   HOST_CXX = None
[INFO] [stderr]   CXX = None
[INFO] [stderr]   HOST = Some("x86_64-unknown-linux-gnu")
[INFO] [stderr]   TARGET = Some("x86_64-unknown-linux-gnu")
[INFO] [stderr]   HOST = Some("x86_64-unknown-linux-gnu")
[INFO] [stderr]   CXXFLAGS_x86_64-unknown-linux-gnu = None
[INFO] [stderr]   CXXFLAGS_x86_64_unknown_linux_gnu = None
[INFO] [stderr]   HOST_CXXFLAGS = None
[INFO] [stderr]   CXXFLAGS = None
[INFO] [stderr]   DEBUG = Some("true")
[INFO] [stderr]   running: "c++" "-O0" "-ffunction-sections" "-fdata-sections" "-fPIC" "-g" "-m64" "-I" "native" "-I" "/usr/local/include" "-Wall" "-Wextra" "--std=c++11" "-o" "/opt/rustwide/target/debug/build/cv-275bb89f143c83cb/out/native/highgui.o" "-c" "native/highgui.cc"
[INFO] [stderr]   TARGET = Some("x86_64-unknown-linux-gnu")
[INFO] [stderr]   OPT_LEVEL = Some("0")
[INFO] [stderr]   TARGET = Some("x86_64-unknown-linux-gnu")
[INFO] [stderr]   HOST = Some("x86_64-unknown-linux-gnu")
[INFO] [stderr]   TARGET = Some("x86_64-unknown-linux-gnu")
[INFO] [stderr]   TARGET = Some("x86_64-unknown-linux-gnu")
[INFO] [stderr]   HOST = Some("x86_64-unknown-linux-gnu")
[INFO] [stderr]   CXX_x86_64-unknown-linux-gnu = None
[INFO] [stderr]   CXX_x86_64_unknown_linux_gnu = None
[INFO] [stderr]   HOST_CXX = None
[INFO] [stderr]   CXX = None
[INFO] [stderr]   HOST = Some("x86_64-unknown-linux-gnu")
[INFO] [stderr]   TARGET = Some("x86_64-unknown-linux-gnu")
[INFO] [stderr]   HOST = Some("x86_64-unknown-linux-gnu")
[INFO] [stderr]   CXXFLAGS_x86_64-unknown-linux-gnu = None
[INFO] [stderr]   CXXFLAGS_x86_64_unknown_linux_gnu = None
[INFO] [stderr]   HOST_CXXFLAGS = None
[INFO] [stderr]   CXXFLAGS = None
[INFO] [stderr]   DEBUG = Some("true")
[INFO] [stderr]   running: "c++" "-O0" "-ffunction-sections" "-fdata-sections" "-fPIC" "-g" "-m64" "-I" "native" "-I" "/usr/local/include" "-Wall" "-Wextra" "--std=c++11" "-o" "/opt/rustwide/target/debug/build/cv-275bb89f143c83cb/out/native/videoio.o" "-c" "native/videoio.cc"
[INFO] [stderr]   HOST_CXXFLAGS = None
[INFO] [stderr]   CXXFLAGS = None
[INFO] [stderr]   DEBUG = Some("true")
[INFO] [stderr]   running: "c++" "-O0" "-ffunction-sections" "-fdata-sections" "-fPIC" "-g" "-m64" "-I" "native" "-I" "/usr/local/include" "-Wall" "-Wextra" "--std=c++11" "-o" "/opt/rustwide/target/debug/build/cv-275bb89f143c83cb/out/native/hash.o" "-c" "native/hash.cc"
[INFO] [stderr]   cargo:warning=native/utils.cc:1:10: fatal error: opencv2/core.hpp: No such file or directory
[INFO] [stderr]   cargo:warning=    1 | #include <opencv2/core.hpp>
[INFO] [stderr]   cargo:warning=      |          ^~~~~~~~~~~~~~~~~~
[INFO] [stderr]   cargo:warning=compilation terminated.
[INFO] [stderr]   exit code: 1
[INFO] [stderr]   cargo:warning=In file included from native/highgui.cc:1:
[INFO] [stderr]   cargo:warning=native/highgui.h:4:10: fatal error: opencv2/core.hpp: No such file or directory
[INFO] [stderr]   cargo:warning=    4 | #include <opencv2/core.hpp>
[INFO] [stderr]   cargo:warning=      |          ^~~~~~~~~~~~~~~~~~
[INFO] [stderr]   cargo:warning=compilation terminated.
[INFO] [stderr]   exit code: 1
[INFO] [stderr]   cargo:warning=native/hash.cc:1:10: fatal error: opencv2/core.hpp: No such file or directory
[INFO] [stderr]   cargo:warning=    1 | #include <opencv2/core.hpp>
[INFO] [stderr]   cargo:warning=      |          ^~~~~~~~~~~~~~~~~~
[INFO] [stderr]   cargo:warning=compilation terminated.
[INFO] [stderr]   exit code: 1
[INFO] [stderr]   cargo:warning=In file included from native/features2d.h:4,
[INFO] [stderr]   cargo:warning=                 from native/features2d.cc:1:
[INFO] [stderr]   cargo:warning=native/common.h:6:10: fatal error: opencv2/core.hpp: No such file or directory
[INFO] [stderr]   cargo:warning=    6 | #include <opencv2/core.hpp>
[INFO] [stderr]   cargo:warning=      |          ^~~~~~~~~~~~~~~~~~
[INFO] [stderr]   cargo:warning=In file included from native/common-rust.h:4,
[INFO] [stderr]   cargo:warning=                 from native/common-rust.cc:1:
[INFO] [stderr]   cargo:warning=native/common.h:6:10: fatal error: opencv2/core.hpp: No such file or directory
[INFO] [stderr]   cargo:warning=    6 | #include <opencv2/core.hpp>
[INFO] [stderr]   cargo:warning=      |          ^~~~~~~~~~~~~~~~~~
[INFO] [stderr]   cargo:warning=In file included from native/objdetect.h:4,
[INFO] [stderr]   cargo:warning=                 from native/objdetect.cc:1:
[INFO] [stderr]   cargo:warning=native/common.h:6:10: fatal error: opencv2/core.hpp: No such file or directory
[INFO] [stderr]   cargo:warning=    6 | #include <opencv2/core.hpp>
[INFO] [stderr]   cargo:warning=      |          ^~~~~~~~~~~~~~~~~~
[INFO] [stderr]   cargo:warning=compilation terminated.
[INFO] [stderr]   exit code: 1
[INFO] [stderr]   cargo:warning=compilation terminated.
[INFO] [stderr]   cargo:warning=compilation terminated.
[INFO] [stderr]   exit code: 1
[INFO] [stderr]   exit code: 1
[INFO] [stderr]   cargo:warning=In file included from native/text.h:4,
[INFO] [stderr]   cargo:warning=                 from native/text.cc:1:
[INFO] [stderr]   cargo:warning=native/common.h:6:10: fatal error: opencv2/core.hpp: No such file or directory
[INFO] [stderr]   cargo:warning=    6 | #include <opencv2/core.hpp>
[INFO] [stderr]   cargo:warning=      |          ^~~~~~~~~~~~~~~~~~
[INFO] [stderr]   cargo:warning=compilation terminated.
[INFO] [stderr]   cargo:warning=In file included from native/imcodecs.h:4,
[INFO] [stderr]   cargo:warning=                 from native/imcodecs.cc:1:
[INFO] [stderr]   cargo:warning=native/common.h:6:10: fatal error: opencv2/core.hpp: No such file or directory
[INFO] [stderr]   cargo:warning=    6 | #include <opencv2/core.hpp>
[INFO] [stderr]   cargo:warning=      |          ^~~~~~~~~~~~~~~~~~
[INFO] [stderr]   cargo:warning=compilation terminated.
[INFO] [stderr]   exit code: 1
[INFO] [stderr]   cargo:warning=In file included from native/imgproc.h:4,
[INFO] [stderr]   cargo:warning=                 from native/imgproc.cc:1:
[INFO] [stderr]   cargo:warning=native/common.h:6:10: fatal error: opencv2/core.hpp: No such file or directory
[INFO] [stderr]   cargo:warning=    6 | #include <opencv2/core.hpp>
[INFO] [stderr]   cargo:warning=      |          ^~~~~~~~~~~~~~~~~~
[INFO] [stderr]   cargo:warning=compilation terminated.
[INFO] [stderr]   exit code: 1
[INFO] [stderr]   exit code: 1
[INFO] [stderr]   cargo:warning=In file included from native/video.h:4,
[INFO] [stderr]   cargo:warning=                 from native/video.cc:1:
[INFO] [stderr]   cargo:warning=native/common.h:6:10: fatal error: opencv2/core.hpp: No such file or directory
[INFO] [stderr]   cargo:warning=    6 | #include <opencv2/core.hpp>
[INFO] [stderr]   cargo:warning=      |          ^~~~~~~~~~~~~~~~~~
[INFO] [stderr]   cargo:warning=compilation terminated.
[INFO] [stderr]   exit code: 1
[INFO] [stderr]   cargo:warning=In file included from native/mat.h:4,
[INFO] [stderr]   cargo:warning=                 from native/mat.cc:1:
[INFO] [stderr]   cargo:warning=native/common.h:6:10: fatal error: opencv2/core.hpp: No such file or directory
[INFO] [stderr]   cargo:warning=    6 | #include <opencv2/core.hpp>
[INFO] [stderr]   cargo:warning=      |          ^~~~~~~~~~~~~~~~~~
[INFO] [stderr]   cargo:warning=compilation terminated.
[INFO] [stderr]   exit code: 1
[INFO] [stderr]   cargo:warning=In file included from native/videoio.h:4,
[INFO] [stderr]   cargo:warning=                 from native/videoio.cc:1:
[INFO] [stderr]   cargo:warning=native/common.h:6:10: fatal error: opencv2/core.hpp: No such file or directory
[INFO] [stderr]   cargo:warning=    6 | #include <opencv2/core.hpp>
[INFO] [stderr]   cargo:warning=      |          ^~~~~~~~~~~~~~~~~~
[INFO] [stderr]   cargo:warning=compilation terminated.
[INFO] [stderr]   exit code: 1
[INFO] [stderr] 
[INFO] [stderr]   --- stderr
[INFO] [stderr]   thread 'main' panicked at '
[INFO] [stderr] 
[INFO] [stderr]   Internal error occurred: Command "c++" "-O0" "-ffunction-sections" "-fdata-sections" "-fPIC" "-g" "-m64" "-I" "native" "-I" "/usr/local/include" "-Wall" "-Wextra" "--std=c++11" "-o" "/opt/rustwide/target/debug/build/cv-275bb89f143c83cb/out/native/utils.o" "-c" "native/utils.cc" with args "c++" did not execute successfully (status code exit code: 1).
[INFO] [stderr] 
[INFO] [stderr]   ', /opt/rustwide/cargo-home/registry/src/github.com-1ecc6299db9ec823/cc-1.0.18/src/lib.rs:2181:5
[INFO] [stderr]   stack backtrace:
[INFO] [stderr]      0:     0x562df5384230 - std::backtrace_rs::backtrace::libunwind::trace::h452faf99f32e7c93
[INFO] [stderr]                                  at /rustc/72f88fc4e9458f89516a0b8b0868f3718aec5b47/library/std/src/../../backtrace/src/backtrace/libunwind.rs:96
[INFO] [stderr]      1:     0x562df5384230 - std::backtrace_rs::backtrace::trace_unsynchronized::he40edc71437667a1
[INFO] [stderr]                                  at /rustc/72f88fc4e9458f89516a0b8b0868f3718aec5b47/library/std/src/../../backtrace/src/backtrace/mod.rs:66
[INFO] [stderr]      2:     0x562df5384230 - std::sys_common::backtrace::_print_fmt::h6c51d6ade71f46bf
[INFO] [stderr]                                  at /rustc/72f88fc4e9458f89516a0b8b0868f3718aec5b47/library/std/src/sys_common/backtrace.rs:79
[INFO] [stderr]      3:     0x562df5384230 - <std::sys_common::backtrace::_print::DisplayBacktrace as core::fmt::Display>::fmt::h3cd15d7003dec37a
[INFO] [stderr]                                  at /rustc/72f88fc4e9458f89516a0b8b0868f3718aec5b47/library/std/src/sys_common/backtrace.rs:58
[INFO] [stderr]      4:     0x562df53a40ac - core::fmt::write::h1857a60b204f1b6a
[INFO] [stderr]                                  at /rustc/72f88fc4e9458f89516a0b8b0868f3718aec5b47/library/core/src/fmt/mod.rs:1080
[INFO] [stderr]      5:     0x562df53804b7 - std::io::Write::write_fmt::hac61caff894c35ae
[INFO] [stderr]                                  at /rustc/72f88fc4e9458f89516a0b8b0868f3718aec5b47/library/std/src/io/mod.rs:1517
[INFO] [stderr]      6:     0x562df5386750 - std::sys_common::backtrace::_print::haa2f390fb7957e3e
[INFO] [stderr]                                  at /rustc/72f88fc4e9458f89516a0b8b0868f3718aec5b47/library/std/src/sys_common/backtrace.rs:61
[INFO] [stderr]      7:     0x562df5386750 - std::sys_common::backtrace::print::h48c7cbbad9013bb1
[INFO] [stderr]                                  at /rustc/72f88fc4e9458f89516a0b8b0868f3718aec5b47/library/std/src/sys_common/backtrace.rs:48
[INFO] [stderr]      8:     0x562df5386750 - std::panicking::default_hook::{{closure}}::h8b7ff05a31e71d55
[INFO] [stderr]                                  at /rustc/72f88fc4e9458f89516a0b8b0868f3718aec5b47/library/std/src/panicking.rs:208
[INFO] [stderr]      9:     0x562df538649c - std::panicking::default_hook::h2f00c78800d98e4c
[INFO] [stderr]                                  at /rustc/72f88fc4e9458f89516a0b8b0868f3718aec5b47/library/std/src/panicking.rs:227
[INFO] [stderr]     10:     0x562df5386db3 - std::panicking::rust_panic_with_hook::h4eaa635e4694aef3
[INFO] [stderr]                                  at /rustc/72f88fc4e9458f89516a0b8b0868f3718aec5b47/library/std/src/panicking.rs:577
[INFO] [stderr]     11:     0x562df5386989 - std::panicking::begin_panic_handler::{{closure}}::hec242f1b136b5ff2
[INFO] [stderr]                                  at /rustc/72f88fc4e9458f89516a0b8b0868f3718aec5b47/library/std/src/panicking.rs:484
[INFO] [stderr]     12:     0x562df538469c - std::sys_common::backtrace::__rust_end_short_backtrace::h1f3cc383ee6c0374
[INFO] [stderr]                                  at /rustc/72f88fc4e9458f89516a0b8b0868f3718aec5b47/library/std/src/sys_common/backtrace.rs:153
[INFO] [stderr]     13:     0x562df5386949 - rust_begin_unwind
[INFO] [stderr]                                  at /rustc/72f88fc4e9458f89516a0b8b0868f3718aec5b47/library/std/src/panicking.rs:483
[INFO] [stderr]     14:     0x562df53868fb - std::panicking::begin_panic_fmt::hebfdcd945bbd27b1
[INFO] [stderr]                                  at /rustc/72f88fc4e9458f89516a0b8b0868f3718aec5b47/library/std/src/panicking.rs:437
[INFO] [stderr]     15:     0x562df52e4b67 - cc::fail::h438aceb858a01f2c
[INFO] [stderr]                                  at /opt/rustwide/cargo-home/registry/src/github.com-1ecc6299db9ec823/cc-1.0.18/src/lib.rs:2181
[INFO] [stderr]     16:     0x562df52d2f4c - cc::Build::compile::h5c7bc6312274f011
[INFO] [stderr]                                  at /opt/rustwide/cargo-home/registry/src/github.com-1ecc6299db9ec823/cc-1.0.18/src/lib.rs:914
[INFO] [stderr]     17:     0x562df52cd110 - build_script_build::main::h968e9af28e90c1fe
[INFO] [stderr]                                  at /opt/rustwide/cargo-home/git/checkouts/cv-rs-95b023f156a6ab06/ad639d2/build.rs:138
[INFO] [stderr]     18:     0x562df52cdc2b - core::ops::function::FnOnce::call_once::hab0403e7cdf9278f
[INFO] [stderr]                                  at /rustc/72f88fc4e9458f89516a0b8b0868f3718aec5b47/library/core/src/ops/function.rs:227
[INFO] [stderr]     19:     0x562df52cdb3e - std::sys_common::backtrace::__rust_begin_short_backtrace::h4888c3c2e11175c5
[INFO] [stderr]                                  at /rustc/72f88fc4e9458f89516a0b8b0868f3718aec5b47/library/std/src/sys_common/backtrace.rs:137
[INFO] [stderr]     20:     0x562df52cbcc1 - std::rt::lang_start::{{closure}}::h6f2d132a21cb8197
[INFO] [stderr]                                  at /rustc/72f88fc4e9458f89516a0b8b0868f3718aec5b47/library/std/src/rt.rs:66
[INFO] [stderr]     21:     0x562df5387281 - core::ops::function::impls::<impl core::ops::function::FnOnce<A> for &F>::call_once::hecc21eb9018cc197
[INFO] [stderr]                                  at /rustc/72f88fc4e9458f89516a0b8b0868f3718aec5b47/library/core/src/ops/function.rs:259
[INFO] [stderr]     22:     0x562df5387281 - std::panicking::try::do_call::h174ad655d084b5c7
[INFO] [stderr]                                  at /rustc/72f88fc4e9458f89516a0b8b0868f3718aec5b47/library/std/src/panicking.rs:381
[INFO] [stderr]     23:     0x562df5387281 - std::panicking::try::h479e6054ce28de10
[INFO] [stderr]                                  at /rustc/72f88fc4e9458f89516a0b8b0868f3718aec5b47/library/std/src/panicking.rs:345
[INFO] [stderr]     24:     0x562df5387281 - std::panic::catch_unwind::hb558ddea2b3e9c45
[INFO] [stderr]                                  at /rustc/72f88fc4e9458f89516a0b8b0868f3718aec5b47/library/std/src/panic.rs:382
[INFO] [stderr]     25:     0x562df5387281 - std::rt::lang_start_internal::h163149047f0a8b61
[INFO] [stderr]                                  at /rustc/72f88fc4e9458f89516a0b8b0868f3718aec5b47/library/std/src/rt.rs:51
[INFO] [stderr]     26:     0x562df52cbc97 - std::rt::lang_start::h571419679e48d1dc
[INFO] [stderr]                                  at /rustc/72f88fc4e9458f89516a0b8b0868f3718aec5b47/library/std/src/rt.rs:65
[INFO] [stderr]     27:     0x562df52cd40a - main
[INFO] [stderr]     28:     0x7f67202460b3 - __libc_start_main
[INFO] [stderr]     29:     0x562df52ca0be - _start
[INFO] [stderr]     30:                0x0 - <unknown>
[INFO] [stderr] warning: build failed, waiting for other jobs to finish...
[INFO] [stderr] error: build failed
[INFO] running `Command { std: "docker" "inspect" "930e423e21f92836abf8b34275ddde579f8456dc6a924a7cf4ff086d95aca4d1", kill_on_drop: false }`
[INFO] running `Command { std: "docker" "rm" "-f" "930e423e21f92836abf8b34275ddde579f8456dc6a924a7cf4ff086d95aca4d1", kill_on_drop: false }`
[INFO] [stdout] 930e423e21f92836abf8b34275ddde579f8456dc6a924a7cf4ff086d95aca4d1
